) = 3017*p**2 + 805541*p + 541. Determine k(-267).
7
Let p(z) = 7*z**3 - 3*z**2 - 2*z + 234. Calculate p(-5).
-706
Let j(f) = -28*f**2 + 3829*f - 21969. Determine j(6).
-3
Let s(f) = f**3 - 121*f**2 + 496*f + 427. Calculate s(5).
7
Let m(r) = r**3 + 8*r**2 + 407*r + 3717. Give m(-9).
-27
Let a(u) = -u**2 - 39595*u - 2924553. Determine a(-74).
1
Let s(x) = -x**3 - 14*x**2 - 6*x + 301. What is s(-6)?
49
Let g(q) = q**2 + 592*q - 122085. Calculate g(162).
63
Let u(o) = -o**2 + 719*o - 6832. What is u(10)?
258
Let g(v) = v**3 - 61*v**2 + 53*v + 816. What is g(60)?
396
Let q(s) = -244835*s - 2448352. What is q(-10)?
-2
Let a(b) = -325*b**2 - 4209*b + 27. Give a(-13).
-181
Let m(n) = n**3 - 7*n**2 - 20605*n + 82472. Give m(4).
4
Let g(y) = -y**2 + 41*y + 1157. What is g(66)?
-493
Let a(s) = 1717*s - 72218. Determine a(42).
-104
Let v(q) = 1604*q - 14003. Determine v(9).
433
Let v(c) = 542*c + 22571. Calculate v(-42).
-193
Let f(u) = -3*u**3 + 43*u**2 - 2459*u - 23965. Calculate f(-8).
-5
Let o(d) = 2636*d + 20893. Give o(-8).
-195
Let j(o) = o**3 + 472*o**2 - 1289*o + 64050. Determine j(-475).
-550
Let b(d) = -41*d**2 - 10863*d + 87051. Determine b(8).
-2477
Let o(t) = -98*t**2 + 368*t + 110. Give o(4).
14
Let n(r) = -4383*r + 79020. Determine n(18).
126
Let g(k) = k**2 - 8007*k - 48076. Calculate g(-6).
2
Let q(v) = -2816*v - 239353. Calculate q(-85).
7
Let a(s) = 3567*s + 22197. Give a(-6).
795
Let i(a) = -13*a**3 + 768*a**2 - 60*a + 252. What is i(59)?
193
Let y(z) = 523*z**2 + 1521*z + 36. Give y(-3).
180
Let g(y) = -y**2 - 15713*y + 14. Calculate g(0).
14
Let z(h) = -168*h - 1286. Give z(1).
-1454
Let y(n) = -28*n**2 - 717*n - 1187. Give y(-25).
-762
Let s(a) = 826*a + 33182. Calculate s(-40).
142
Let b(m) = -2*m**3 - 656*m**2 + 8155*m + 6. Give b(12).
-54
Let x(b) = -b**3 + 76*b**2 - 645*b + 18. Calculate x(10).
168
Let z(v) = -v**3 + 769*v**2 + 47961*v + 4129. Calculate z(827).
-6
Let g(a) = -a**3 + 8*a**2 + 70*a - 357. Calculate g(5).
68
Let s(g) = -g**3 + 239*g**2 - 1644*g + 4320. Calculate s(232).
-320
Let r(s) = -s**3 - 41*s**2 - 115*s + 237. Calculate r(-38).
275
Let n(g) = -36*g**2 - g + 12. Give n(3).
-315
Let k(v) = -1034*v + 6072. Determine k(6).
-132
Let b(c) = c**3 + 2*c**2 + 158601*c + 317203. What is b(-2)?
1
Let w(r) = -4746*r - 166106. Give w(-35).
4
Let u(h) = -83*h + 3398. Calculate u(41).
-5
Let w(m) = m**2 - 6087*m - 55015. Calculate w(-9).
-151
Let o(c) = 3*c**3 - 339*c**2 + 7605*c + 1721. Determine o(82).
-1
Let k(u) = 92173*u - 1474768. Calculate k(16).
0
Let u(i) = 54758*i + 164262. What is u(-3)?
-12
Let t(f) = -121*f - 6023. Calculate t(-50).
27
Let v(n) = -286*n + 11442. Give v(43).
-856
Let m(z) = 2*z**3 + 2135*z**2 + 22185*z - 12689. Give m(-1057).
-5
Let m(x) = -46*x**2 - 21313*x + 35810. Give m(-465).
5
Let g(f) = 6529*f + 58654. Determine g(-9).
-107
Let w(j) = -17293*j + 726307. Determine w(42).
1
Let s(m) = 7*m**3 + 103*m**2 - 26*m - 2. Determine s(-15).
-62
Let s(a) = -2*a**2 + 178*a + 2151. Determine s(-9).
387
Let o(a) = a**2 + 113*a + 1550. Calculate o(-19).
-236
Let d(n) = -999*n - 386. Give d(-2).
1612
Let r(v) = 3*v**2 - 4570*v - 139800. Give r(-30).
0
Let d(f) = f**3 + 1038*f**2 - 14595*f + 139937. Calculate d(-1052).
21
Let l(v) = -v**3 - 227*v**2 + 644*v + 42556. Calculate l(-229).
-38
Let u(f) = -f - 342. Calculate u(3).
-345
Let n(l) = 5*l**2 - 1629*l - 6522. What is n(-4)?
74
Let x(m) = -124*m + 10423. Determine x(85).
-117
Let x(o) = 27*o**2 - 175*o - 1615. Determine x(-9).
2147
Let v(z) = -z**2 + 358*z - 15443. Determine v(40).
-2723
Let c(d) = 3812*d - 213481. What is c(56)?
-9
Let x(q) = 5043*q - 25218. Calculate x(5).
-3
Let n(d) = 15*d**2 + 167*d + 1258. Determine n(-8).
882
Let n(y) = -y**3 - 21*y**2 + 33*y + 209. Give n(-9).
-1060
Let s(w) = 4299*w - 227830. Determine s(53).
17
Let q(j) = 2*j**3 + 185*j**2 + 93*j + 86. Determine q(-92).
-6
Let v(k) = 4*k**2 - 54*k - 166. What is v(15)?
-76
Let s(q) = -237*q + 2189. Give s(11).
-418
Let u(j) = 83*j**2 + 70*j - 313. Calculate u(2).
159
Let z(g) = 1669*g - 14173. Determine z(7).
-2490
Let o(f) = -9077*f - 209137. What is o(-23)?
-366
Let j(b) = 6*b**2 - 302*b + 3087. Give j(15).
-93
Let u(o) = -152*o - 1124. What is u(0)?
-1124
Let d(r) = 801*r - 143385. Give d(179).
-6
Let j(x) = -1059*x - 16452. Calculate j(-18).
2610
Let p(j) = -j**3 + 62*j**2 - 1011*j + 1580. What is p(29)?
14
Let d(y) = -4*y**2 - 255*y - 624. Give d(-56).
1112
Let z(c) = -2*c**2 + 106*c + 219. Give z(43).
1079
Let h(t) = 20329*t + 81271. What is h(-4)?
-45
Let w(z) = -5*z**3 + 109*z**2 - 559*z + 296. Determine w(7).
9
Let x(s) = s**3 + 119*s**2 + 1734*s + 13. Give x(-17).
13
Let u(l) = 152907*l - 917348. What is u(6)?
94
Let c(d) = -d**3 + 13*d**2 - 24*d + 152. Give c(18).
-1900
Let n(q) = 228*q**2 - 13883*q - 1524. What is n(61)?
1
Let m(s) = -s**2 + 156*s - 4266. Give m(121).
-31
Let p(f) = -29*f**3 + 3105*f**2 - 204*f + 286. Determine p(107).
1356
Let p(f) = -63*f**3 - 4*f**2 - 109*f + 213. Calculate p(2).
-525
Let v(s) = 10007*s + 2631851. Calculate v(-263).
10
Let b(v) = -365*v - 56. Determine b(0).
-56
Let j(q) = -q**2 - 32*q - 27. What is j(4)?
-171
Let g(w) = 2347*w**2 + 9459*w + 243. Give g(-4).
-41
Let t(n) = 9*n**2 + 484*n - 3555. What is t(-61)?
410
Let b(q) = 48*q**2 + 3108*q + 9319. Calculate b(-3).
427
Let c(b) = -3*b**2 + 44*b + 226. Give c(16).
162
Let y(v) = -2*v**2 - 183*v + 3291. Determine y(-106).
217
Let x(v) = 2*v**3 + 740*v**2 + 354*v + 130984. What is x(-370)?
4
Let x(i) = 8559*i - 188307. Give x(22).
-9
Let q(d) = 5085*d - 34005. Determine q(6).
-3495
Let t(l) = 364*l - 1077. Give t(3).
15
Let z(b) = 31818*b + 795462. Calculate z(-25).
12
Let z(l) = l**2 + 234*l - 1421. Calculate z(6).
19
Let x(n) = 8*n**2 - 1573*n + 13740. Give x(9).
231
Let v(z) = z**3 + 25*z**2 - 372*z - 3556. Determine v(-33).
8
Let m(s) = -2426*s + 16916. Give m(7).
-66
Let z(m) = 470*m + 280. Determine z(-1).
-190
Let j(r) = 497*r + 4989. Determine j(-10).
19
Let v(x) = x**3 + 47*x**2 - 77*x + 1905. Give v(-48).
3297
Let h(s) = 38*s**2 + 1153*s + 7133. Calculate h(-6).
1583
Let l(b) = b**3 - 27*b**2 - 169*b - 46. What is l(-5)?
-1
Let t(z) = 35422*z - 20757298. Give t(586).
-6
Let v(i) = 2*i**3 - 58*i**2 + 358*i - 17. What is v(15)?
-947
Let k(w) = -9592*w + 86421. Determine k(9).
93
Let x(v) = -v**3 + 18*v**2 - 32*v - 268. Determine x(17).
-523
Let r(f) = -f**3 - 71*f**2 + 701*f + 131. What is r(9)?
-40
Let i(k) = -k**2 - 22*k + 36735. Calculate i(-203).
-8
Let m(t) = 4*t**3 + 126*t**2 + 774*t + 1292. Give m(-24).
-4
Let f(s) = 33*s**2 + 72077*s + 1226516. Calculate f(-2167).
-6
Let z(d) = -2*d**2 - 24*d + 100. Determine z(-9).
154
Let n(f) = f**2 - 386*f + 31657. What is n(283)?
2508
Let u(i) = -13*i**2 + 354*i - 525. Calculate u(34).
-3517
Let m(x) = 6*x**3 - 836*x**2 + 72*x + 28638. Give m(139).
4
Let t(j) = 87*j - 41083. What is t(473)?
68
Let y(t) = -24699*t + 2914537. What is y(118)?
55
Let z(i) = -i**3 + 341*i**2 + 14811*i + 3541. What is z(380)?
121
Let q(y) = 3406*y + 9953. What is q(-3)?
-265
Let h(c) = -c**3 + 775*c**2 + 19288*c - 89489. Calculate h(799).
-1
Let x(s) = 3*s**2 - 440*s + 2846. Determine x(127).
-4647
Let k(g) = -3173*g**2 - 28653*g - 41. Determine k(-9).
823
Let j(r) = -r**3 - 35*r**2 + 185*r + 4685. Determine j(-37).
578
Let d(g) = -35*g**3 + 194*g**2 + 87*g + 82. Give d(6).
28
Let s(p) = -p**3 + 8*p**2 + 25532*p + 127328. Determine s(-5).
-7
Let c(v) = 518*v**3 + 1024*v**2 + 8*v + 19. What is c(-2)?
-45
Let z(l) = -28*l**3 - 235*l**2 - 54*l + 275. What is z(-8)?
3
Let n(l) = -8*l**2 + 3138*l - 107705. What is n(38)?
-13
Let i(k) = 48391*k + 338725. Determine i(-7).
-12
Let p(l) = -l**3 + 45*l**2 - 617*l + 2079. Give p(5).
-6
Let z(m) = -2*m**2 + 557*m + 9472. Determine z(-16).
48
Let o(z) = -7*z**3 - 240*z**2 + 573*z - 217. Determine o(2).
-87
Let s(a) = 267*a + 92867. Determine s(-348).
-49
Let w(s) = s**2 + 1204*s - 12157. Give w(10).
-17
Let y(j) = 148*j - 19745. Calculate y(137).
531
Let o(m) = 2*m**3 - 287*m**2 + 1423*m - 23927. Determine o(139).
-19
Let c(l) = -l**2 - 124*l - 2578. What is c(-92)?
366
Let a(t) = 1221028*t + 12210273. What is a(-10)?
-7
Let m(g) = 5*g**3 + 21*g**2 + 67*g - 26. Calculate m(-5).
-461
Let d(h) = -h**3 + 